{"id":1520,"date":"2022-11-29T15:27:58","date_gmt":"2022-11-29T18:27:58","guid":{"rendered":"https:\/\/codimat.com.ar\/destacados2022\/?page_id=1520"},"modified":"2023-01-07T01:40:13","modified_gmt":"2023-01-07T04:40:13","slug":"138-exposicion-rural-de-villa-bordeu","status":"publish","type":"page","link":"https:\/\/codimat.com.ar\/destacados2022\/138-exposicion-rural-de-villa-bordeu\/","title":{"rendered":"138\u00b0 Exposici\u00f3n Rural de Villa Bordeu"},"content":{"rendered":"<p>[et_pb_section fb_built=\u00bb1&#8243; custom_padding_last_edited=\u00bbon|desktop\u00bb admin_label=\u00bbRelated Articles\u00bb _builder_version=\u00bb4.16&#8243; background_color=\u00bb#2d2d2d\u00bb custom_padding=\u00bb||||false|false\u00bb custom_padding_tablet=\u00bb||2%||false|false\u00bb custom_padding_phone=\u00bb\u00bb global_colors_info=\u00bb{}\u00bb][et_pb_row _builder_version=\u00bb4.16&#8243; global_colors_info=\u00bb{}\u00bb][et_pb_column type=\u00bb4_4&#8243; _builder_version=\u00bb4.16&#8243; global_colors_info=\u00bb{}\u00bb][et_pb_text _builder_version=\u00bb4.19.1&#8243; header_2_font=\u00bbMontserrat|700||on|||||\u00bb header_2_font_size=\u00bb40px\u00bb header_2_line_height=\u00bb1.4em\u00bb text_orientation=\u00bbcenter\u00bb background_layout=\u00bbdark\u00bb width=\u00bb70%\u00bb width_tablet=\u00bb70%\u00bb width_phone=\u00bb70%\u00bb width_last_edited=\u00bbon|phone\u00bb max_width_tablet=\u00bb90%\u00bb max_width_phone=\u00bb90%\u00bb max_width_last_edited=\u00bboff|desktop\u00bb module_alignment=\u00bbcenter\u00bb custom_margin=\u00bb||0px||false|false\u00bb custom_margin_tablet=\u00bb||0px||false|false\u00bb custom_margin_phone=\u00bb||0px||false|false\u00bb custom_margin_last_edited=\u00bbon|phone\u00bb animation_style=\u00bbflip\u00bb header_2_font_size_tablet=\u00bb30px\u00bb header_2_font_size_phone=\u00bb20px\u00bb header_2_font_size_last_edited=\u00bbon|desktop\u00bb locked=\u00bboff\u00bb global_colors_info=\u00bb{}\u00bb]<\/p>\n<h2>138\u00b0 Exposici\u00f3n Rural de Villa Bordeu<\/h2>\n<p>[\/et_pb_text][et_pb_divider divider_weight=\u00bb3px\u00bb _builder_version=\u00bb4.16&#8243; width=\u00bb30%\u00bb width_tablet=\u00bb20%\u00bb width_phone=\u00bb40%\u00bb width_last_edited=\u00bbon|phone\u00bb module_alignment=\u00bbcenter\u00bb custom_padding=\u00bb20px||||false|false\u00bb custom_padding_tablet=\u00bb20px||||false|false\u00bb custom_padding_phone=\u00bb20px||||false|false\u00bb custom_padding_last_edited=\u00bbon|phone\u00bb animation_style=\u00bbslide\u00bb animation_direction=\u00bbright\u00bb global_colors_info=\u00bb{}\u00bb][\/et_pb_divider][\/et_pb_column][\/et_pb_row][\/et_pb_section][et_pb_section fb_built=\u00bb1&#8243; _builder_version=\u00bb4.16&#8243; background_color=\u00bb#f4f4f4&#8243; custom_padding=\u00bb2%||||false|false\u00bb global_colors_info=\u00bb{}\u00bb][et_pb_row _builder_version=\u00bb4.16&#8243; global_colors_info=\u00bb{}\u00bb][et_pb_column type=\u00bb4_4&#8243; _builder_version=\u00bb4.16&#8243; global_colors_info=\u00bb{}\u00bb][et_pb_text _builder_version=\u00bb4.19.1&#8243; text_line_height=\u00bb2em\u00bb text_orientation=\u00bbjustify\u00bb module_alignment=\u00bbcenter\u00bb animation_style=\u00bbfade\u00bb text_font_size_tablet=\u00bb16px\u00bb text_font_size_phone=\u00bb14px\u00bb text_font_size_last_edited=\u00bbon|desktop\u00bb text_text_align=\u00bbjustify\u00bb locked=\u00bboff\u00bb global_colors_info=\u00bb{}\u00bb]<\/p>\n<p>Codimat dijo presente en la 138\u00b0 Exposici\u00f3n Rural de Villa Bordeu.<\/p>\n<p><strong>Acompa\u00f1ados por ArcelorMittal Acindar, Das Dach, Expanmetal, Weber Saint Gobain Argentina, Bombas Rowa, Rotoplas y MLA \u2013 Metal\u00fargica Los Arroyos, se dise\u00f1\u00f3 un atractivo stand con productos para el campo y para la construcci\u00f3n.<\/strong><\/p>\n<p>[\/et_pb_text][\/et_pb_column][\/et_pb_row][et_pb_row _builder_version=\u00bb4.16&#8243; _module_preset=\u00bbdefault\u00bb global_colors_info=\u00bb{}\u00bb][et_pb_column type=\u00bb4_4&#8243; _builder_version=\u00bb4.16&#8243; _module_preset=\u00bbdefault\u00bb global_colors_info=\u00bb{}\u00bb][et_pb_video src=\u00bbhttps:\/\/www.youtube.com\/watch?v=r7VJwNkhZBo\u00bb _builder_version=\u00bb4.19.1&#8243; _module_preset=\u00bbdefault\u00bb animation_style=\u00bbfold\u00bb global_colors_info=\u00bb{}\u00bb][\/et_pb_video][\/et_pb_column][\/et_pb_row][\/et_pb_section][et_pb_section fb_built=\u00bb1&#8243; _builder_version=\u00bb4.16&#8243; custom_padding=\u00bb||||false|false\u00bb global_colors_info=\u00bb{}\u00bb][et_pb_row _builder_version=\u00bb4.16&#8243; custom_padding=\u00bb||0px||false|false\u00bb global_colors_info=\u00bb{}\u00bb][et_pb_column type=\u00bb4_4&#8243; _builder_version=\u00bb4.16&#8243; global_colors_info=\u00bb{}\u00bb][et_pb_image src=\u00bbhttps:\/\/codimat.com.ar\/destacados2022\/wp-content\/uploads\/2021\/02\/Flechas.png\u00bb _builder_version=\u00bb4.16&#8243; width=\u00bb100px\u00bb width_tablet=\u00bb50px\u00bb width_phone=\u00bb30px\u00bb width_last_edited=\u00bbon|phone\u00bb custom_margin=\u00bb||||false|false\u00bb animation_style=\u00bbfold\u00bb global_colors_info=\u00bb{}\u00bb][\/et_pb_image][et_pb_text _builder_version=\u00bb4.19.1&#8243; text_line_height=\u00bb2em\u00bb text_orientation=\u00bbjustify\u00bb module_alignment=\u00bbcenter\u00bb animation_style=\u00bbfade\u00bb text_font_size_tablet=\u00bb16px\u00bb text_font_size_phone=\u00bb14px\u00bb text_font_size_last_edited=\u00bbon|phone\u00bb text_text_align=\u00bbjustify\u00bb locked=\u00bboff\u00bb global_colors_info=\u00bb{}\u00bb]<\/p>\n<p>Dentro de las atracciones que despertaron masivo inter\u00e9s del p\u00fablico visitante de la feria, estuvo el tradicional Curso de Alambradores, realizado con 20 alambradores de la zona el d\u00eda viernes y s\u00e1bado, para el domingo sumar el importante Torneo Nacional de Alambradores Ronda Buenos Aires Regi\u00f3n Sur, d\u00f3nde 9 parejas de especialistas compitieron para acceder a un lugar en la gran final nacional.<\/p>\n<p><strong>La pareja ganadora fueron los profesionales de Cnel. Suarez Rub\u00e9n y Ariel Martel.<\/strong><\/p>\n<p>[\/et_pb_text][et_pb_text _builder_version=\u00bb4.19.1&#8243; text_font=\u00bb|700|||||||\u00bb text_text_color=\u00bb#000000&#8243; text_line_height=\u00bb1.8em\u00bb text_orientation=\u00bbjustify\u00bb module_alignment=\u00bbcenter\u00bb custom_padding=\u00bb||||false|false\u00bb animation_style=\u00bbfade\u00bb text_font_size_tablet=\u00bb16px\u00bb text_font_size_phone=\u00bb\u00bb text_font_size_last_edited=\u00bbon|phone\u00bb text_text_align=\u00bbjustify\u00bb locked=\u00bboff\u00bb global_colors_info=\u00bb{}\u00bb]<\/p>\n<blockquote>\n<p>No pod\u00eda faltar el aporte cultural con la presencia del Bibliom\u00f3vil y su equipo de narradoras. Cientos de familias disfrutaron de momentos de lectura junto a los mas peque\u00f1os.<\/p>\n<\/blockquote>\n<p>[\/et_pb_text][et_pb_text _builder_version=\u00bb4.19.1&#8243; text_line_height=\u00bb2em\u00bb text_orientation=\u00bbjustify\u00bb module_alignment=\u00bbcenter\u00bb animation_style=\u00bbfade\u00bb text_font_size_tablet=\u00bb16px\u00bb text_font_size_phone=\u00bb14px\u00bb text_font_size_last_edited=\u00bbon|phone\u00bb text_text_align=\u00bbjustify\u00bb locked=\u00bboff\u00bb global_colors_info=\u00bb{}\u00bb]<\/p>\n<p>\u00a1Una vez m\u00e1s gracias a proveedores y p\u00fablico por acompa\u00f1arnos!<\/p>\n<p>Y a nuestro equipo de trabajo que sum\u00f3 un compromiso especial para la realizaci\u00f3n del stand, eventos y atenci\u00f3n al p\u00fablico.<\/p>\n<p>[\/et_pb_text][\/et_pb_column][\/et_pb_row][et_pb_row _builder_version=\u00bb4.16&#8243; _module_preset=\u00bbdefault\u00bb global_colors_info=\u00bb{}\u00bb][et_pb_column type=\u00bb4_4&#8243; _builder_version=\u00bb4.16&#8243; _module_preset=\u00bbdefault\u00bb global_colors_info=\u00bb{}\u00bb][et_pb_image src=\u00bbhttps:\/\/codimat.com.ar\/destacados2022\/wp-content\/uploads\/2022\/11\/Bordeu-Foto.jpg\u00bb title_text=\u00bbBordeu-Foto\u00bb _builder_version=\u00bb4.19.1&#8243; _module_preset=\u00bbdefault\u00bb global_colors_info=\u00bb{}\u00bb][\/et_pb_image][\/et_pb_column][\/et_pb_row][et_pb_row _builder_version=\u00bb4.16&#8243; global_colors_info=\u00bb{}\u00bb][et_pb_column type=\u00bb4_4&#8243; _builder_version=\u00bb4.16&#8243; global_colors_info=\u00bb{}\u00bb][et_pb_divider _builder_version=\u00bb4.16&#8243; animation_style=\u00bbzoom\u00bb global_colors_info=\u00bb{}\u00bb][\/et_pb_divider][et_pb_video src=\u00bbhttps:\/\/youtu.be\/zEKEXDYbIXk\u00bb _builder_version=\u00bb4.19.1&#8243; _module_preset=\u00bbdefault\u00bb animation_style=\u00bbfold\u00bb global_colors_info=\u00bb{}\u00bb][\/et_pb_video][\/et_pb_column][\/et_pb_row][et_pb_row _builder_version=\u00bb4.16&#8243; custom_padding=\u00bb||||false|false\u00bb animation_style=\u00bbfold\u00bb global_colors_info=\u00bb{}\u00bb][et_pb_column type=\u00bb4_4&#8243; _builder_version=\u00bb4.16&#8243; global_colors_info=\u00bb{}\u00bb][et_pb_button button_url=\u00bb@ET-DC@eyJkeW5hbWljIjp0cnVlLCJjb250ZW50IjoicG9zdF9saW5rX3VybF9wYWdlIiwic2V0dGluZ3MiOnsicG9zdF9pZCI6IjE0MzQifX0=@\u00bb button_text=\u00bbVolver al Sumario\u00bb button_alignment=\u00bbcenter\u00bb _builder_version=\u00bb4.19.1&#8243; _dynamic_attributes=\u00bbbutton_url\u00bb global_colors_info=\u00bb{}\u00bb][\/et_pb_button][\/et_pb_column][\/et_pb_row][\/et_pb_section]<\/p>\n","protected":false},"excerpt":{"rendered":"<p>138\u00b0 Exposici\u00f3n Rural de Villa BordeuCodimat dijo presente en la 138\u00b0 Exposici\u00f3n Rural de Villa Bordeu. Acompa\u00f1ados por ArcelorMittal Acindar, Das Dach, Expanmetal, Weber Saint Gobain Argentina, Bombas Rowa, Rotoplas y MLA \u2013 Metal\u00fargica Los Arroyos, se dise\u00f1\u00f3 un atractivo stand con productos para el campo y para la construcci\u00f3n.Dentro de las atracciones que despertaron [&hellip;]<\/p>\n","protected":false},"author":2,"featured_media":0,"parent":0,"menu_order":0,"comment_status":"closed","ping_status":"closed","template":"","meta":{"_et_pb_use_builder":"on","_et_pb_old_content":"","_et_gb_content_width":""},"_links":{"self":[{"href":"https:\/\/codimat.com.ar\/destacados2022\/wp-json\/wp\/v2\/pages\/1520"}],"collection":[{"href":"https:\/\/codimat.com.ar\/destacados2022\/wp-json\/wp\/v2\/pages"}],"about":[{"href":"https:\/\/codimat.com.ar\/destacados2022\/wp-json\/wp\/v2\/types\/page"}],"author":[{"embeddable":true,"href":"https:\/\/codimat.com.ar\/destacados2022\/wp-json\/wp\/v2\/users\/2"}],"replies":[{"embeddable":true,"href":"https:\/\/codimat.com.ar\/destacados2022\/wp-json\/wp\/v2\/comments?post=1520"}],"version-history":[{"count":3,"href":"https:\/\/codimat.com.ar\/destacados2022\/wp-json\/wp\/v2\/pages\/1520\/revisions"}],"predecessor-version":[{"id":2004,"href":"https:\/\/codimat.com.ar\/destacados2022\/wp-json\/wp\/v2\/pages\/1520\/revisions\/2004"}],"wp:attachment":[{"href":"https:\/\/codimat.com.ar\/destacados2022\/wp-json\/wp\/v2\/media?parent=1520"}],"curies":[{"name":"wp","href":"https:\/\/api.w.org\/{rel}","templated":true}]}}

138° Exposición Rural de Villa Bordeu

<p>[et_pb_section fb_built=»1&#8243; custom_padding_last_edited=»on|desktop» admin_label=»Related Articles» _builder_version=»4.16&#8243; background_color=»#2d2d2d» custom_padding=»||||false|false» custom_padding_tablet=»||2%||false|false» custom_padding_phone=»» global_colors_info=»{}»][et_pb_row _builder_version=»4.16&#8243; global_colors_info=»{}»][et_pb_column type=»4_4&#8243; _builder_version=»4.16&#8243; global_colors_info=»{}»][et_pb_text _builder_version=»4.19.1&#8243; header_2_font=»Montserrat|700||on|||||» header_2_font_size=»40px» header_2_line_height=»1.4em» text_orientation=»center» background_layout=»dark» width=»70%» width_tablet=»70%» width_phone=»70%» width_last_edited=»on|phone» max_width_tablet=»90%» max_width_phone=»90%» max_width_last_edited=»off|desktop» module_alignment=»center» custom_margin=»||0px||false|false» custom_margin_tablet=»||0px||false|false» custom_margin_phone=»||0px||false|false» custom_margin_last_edited=»on|phone» animation_style=»flip» header_2_font_size_tablet=»30px» header_2_font_size_phone=»20px» header_2_font_size_last_edited=»on|desktop» locked=»off» global_colors_info=»{}»]</p>
<h2>138° Exposición Rural de Villa Bordeu</h2>
<p>[/et_pb_text][et_pb_divider divider_weight=»3px» _builder_version=»4.16&#8243; width=»30%» width_tablet=»20%» width_phone=»40%» width_last_edited=»on|phone» module_alignment=»center» custom_padding=»20px||||false|false» custom_padding_tablet=»20px||||false|false» custom_padding_phone=»20px||||false|false» custom_padding_last_edited=»on|phone» animation_style=»slide» animation_direction=»right» global_colors_info=»{}»][/et_pb_divider][/et_pb_column][/et_pb_row][/et_pb_section][et_pb_section fb_built=»1&#8243; _builder_version=»4.16&#8243; background_color=»#f4f4f4&#8243; custom_padding=»2%||||false|false» global_colors_info=»{}»][et_pb_row _builder_version=»4.16&#8243; global_colors_info=»{}»][et_pb_column type=»4_4&#8243; _builder_version=»4.16&#8243; global_colors_info=»{}»][et_pb_text _builder_version=»4.19.1&#8243; text_line_height=»2em» text_orientation=»justify» module_alignment=»center» animation_style=»fade» text_font_size_tablet=»16px» text_font_size_phone=»14px» text_font_size_last_edited=»on|desktop» text_text_align=»justify» locked=»off» global_colors_info=»{}»]</p>
<p>Codimat dijo presente en la 138° Exposición Rural de Villa Bordeu.</p>
<p><strong>Acompañados por ArcelorMittal Acindar, Das Dach, Expanmetal, Weber Saint Gobain Argentina, Bombas Rowa, Rotoplas y MLA – Metalúrgica Los Arroyos, se diseñó un atractivo stand con productos para el campo y para la construcción.</strong></p>
<p>[/et_pb_text][/et_pb_column][/et_pb_row][et_pb_row _builder_version=»4.16&#8243; _module_preset=»default» global_colors_info=»{}»][et_pb_column type=»4_4&#8243; _builder_version=»4.16&#8243; _module_preset=»default» global_colors_info=»{}»][et_pb_video src=»https://www.youtube.com/watch?v=r7VJwNkhZBo» _builder_version=»4.19.1&#8243; _module_preset=»default» animation_style=»fold» global_colors_info=»{}»][/et_pb_video][/et_pb_column][/et_pb_row][/et_pb_section][et_pb_section fb_built=»1&#8243; _builder_version=»4.16&#8243; custom_padding=»||||false|false» global_colors_info=»{}»][et_pb_row _builder_version=»4.16&#8243; custom_padding=»||0px||false|false» global_colors_info=»{}»][et_pb_column type=»4_4&#8243; _builder_version=»4.16&#8243; global_colors_info=»{}»][et_pb_image src=»https://codimat.com.ar/destacados2022/wp-content/uploads/2021/02/Flechas.png» _builder_version=»4.16&#8243; width=»100px» width_tablet=»50px» width_phone=»30px» width_last_edited=»on|phone» custom_margin=»||||false|false» animation_style=»fold» global_colors_info=»{}»][/et_pb_image][et_pb_text _builder_version=»4.19.1&#8243; text_line_height=»2em» text_orientation=»justify» module_alignment=»center» animation_style=»fade» text_font_size_tablet=»16px» text_font_size_phone=»14px» text_font_size_last_edited=»on|phone» text_text_align=»justify» locked=»off» global_colors_info=»{}»]</p>
<p>Dentro de las atracciones que despertaron masivo interés del público visitante de la feria, estuvo el tradicional Curso de Alambradores, realizado con 20 alambradores de la zona el día viernes y sábado, para el domingo sumar el importante Torneo Nacional de Alambradores Ronda Buenos Aires Región Sur, dónde 9 parejas de especialistas compitieron para acceder a un lugar en la gran final nacional.</p>
<p><strong>La pareja ganadora fueron los profesionales de Cnel. Suarez Rubén y Ariel Martel.</strong></p>
<p>[/et_pb_text][et_pb_text _builder_version=»4.19.1&#8243; text_font=»|700|||||||» text_text_color=»#000000&#8243; text_line_height=»1.8em» text_orientation=»justify» module_alignment=»center» custom_padding=»||||false|false» animation_style=»fade» text_font_size_tablet=»16px» text_font_size_phone=»» text_font_size_last_edited=»on|phone» text_text_align=»justify» locked=»off» global_colors_info=»{}»]</p>
<blockquote>
<p>No podía faltar el aporte cultural con la presencia del Bibliomóvil y su equipo de narradoras. Cientos de familias disfrutaron de momentos de lectura junto a los mas pequeños.</p>
</blockquote>
<p>[/et_pb_text][et_pb_text _builder_version=»4.19.1&#8243; text_line_height=»2em» text_orientation=»justify» module_alignment=»center» animation_style=»fade» text_font_size_tablet=»16px» text_font_size_phone=»14px» text_font_size_last_edited=»on|phone» text_text_align=»justify» locked=»off» global_colors_info=»{}»]</p>
<p>¡Una vez más gracias a proveedores y público por acompañarnos!</p>
<p>Y a nuestro equipo de trabajo que sumó un compromiso especial para la realización del stand, eventos y atención al público.</p>
<p>[/et_pb_text][/et_pb_column][/et_pb_row][et_pb_row _builder_version=»4.16&#8243; _module_preset=»default» global_colors_info=»{}»][et_pb_column type=»4_4&#8243; _builder_version=»4.16&#8243; _module_preset=»default» global_colors_info=»{}»][et_pb_image src=»https://codimat.com.ar/destacados2022/wp-content/uploads/2022/11/Bordeu-Foto.jpg» title_text=»Bordeu-Foto» _builder_version=»4.19.1&#8243; _module_preset=»default» global_colors_info=»{}»][/et_pb_image][/et_pb_column][/et_pb_row][et_pb_row _builder_version=»4.16&#8243; global_colors_info=»{}»][et_pb_column type=»4_4&#8243; _builder_version=»4.16&#8243; global_colors_info=»{}»][et_pb_divider _builder_version=»4.16&#8243; animation_style=»zoom» global_colors_info=»{}»][/et_pb_divider][et_pb_video src=»https://youtu.be/zEKEXDYbIXk» _builder_version=»4.19.1&#8243; _module_preset=»default» animation_style=»fold» global_colors_info=»{}»][/et_pb_video][/et_pb_column][/et_pb_row][et_pb_row _builder_version=»4.16&#8243; custom_padding=»||||false|false» animation_style=»fold» global_colors_info=»{}»][et_pb_column type=»4_4&#8243; _builder_version=»4.16&#8243; global_colors_info=»{}»][et_pb_button button_url=»@ET-DC@eyJkeW5hbWljIjp0cnVlLCJjb250ZW50IjoicG9zdF9saW5rX3VybF9wYWdlIiwic2V0dGluZ3MiOnsicG9zdF9pZCI6IjE0MzQifX0=@» button_text=»Volver al Sumario» button_alignment=»center» _builder_version=»4.19.1&#8243; _dynamic_attributes=»button_url» global_colors_info=»{}»][/et_pb_button][/et_pb_column][/et_pb_row][/et_pb_section]</p>

<p>138° Exposición Rural de Villa BordeuCodimat dijo presente en la 138° Exposición Rural de Villa Bordeu. Acompañados por ArcelorMittal Acindar, Das Dach, Expanmetal, Weber Saint Gobain Argentina, Bombas Rowa, Rotoplas y MLA – Metalúrgica Los Arroyos, se diseñó un atractivo stand con productos para el campo y para la construcción.Dentro de las atracciones que despertaron [&hellip;]</p>
